{"id":533,"date":"2021-06-18T14:16:55","date_gmt":"2021-06-18T12:16:55","guid":{"rendered":"https:\/\/zestebrno.cz\/?page_id=533"},"modified":"2025-09-23T13:53:36","modified_gmt":"2025-09-23T11:53:36","slug":"__trashed","status":"publish","type":"page","link":"https:\/\/zestebrno.cz\/?page_id=533","title":{"rendered":"Sout\u011b\u017en\u00ed podm\u00ednky &#8211; kategorie I, II, III a IV"},"content":{"rendered":"\n<h4 class=\"wp-block-heading\">XV. Mezin\u00e1rodn\u00ed interpreta\u010dn\u00ed sout\u011b\u017e dechov\u00fdch n\u00e1stroj\u016f Brno 2026<\/h4>\n\n\n\n<h2 class=\"wp-block-heading\"><strong>V\u0160EOBECN\u00c1 USTANOVEN\u00cd<\/strong><\/h2>\n\n\n\n<p>Tyto podm\u00ednky jsou platn\u00e9 pouze pro kategorie I, II, III a IV.<\/p>\n\n\n\n<h3 class=\"wp-block-heading\"><strong>po\u0159adatel a c\u00edle<\/strong><\/h3>\n\n\n\n<p>Vyhla\u0161ovatelem a po\u0159adatelem XV. Mezin\u00e1rodn\u00ed interpreta\u010dn\u00ed sout\u011b\u017ee dechov\u00fdch n\u00e1stroj\u016f&nbsp;Brno 2026 (d\u00e1le t\u00e9\u017e jen \u201esout\u011b\u017e\u201c) je spolek Asociace interpreta\u010dn\u00ed sout\u011b\u017ee&nbsp;dechov\u00fdch n\u00e1stroj\u016f Brno z. s. se s\u00eddlem v Brn\u011b, t\u0159. Kpt. Jaro\u0161e 45 (d\u00e1le t\u00e9\u017e jen \u201epo\u0159adatel\u201c).&nbsp;Sout\u011b\u017e se kon\u00e1 jednou za dva roky, v\u017edy v sud\u00e9m roce v obdob\u00ed m\u011bs\u00edc\u016f dubna&nbsp;a\u017e \u010dervence v m\u00edstech ur\u010den\u00fdch po\u0159adatelem. Spolupo\u0159adatelem je Konzervato\u0159 Brno, p\u0159\u00edsp\u011bvkov\u00e1 organizace.&nbsp;C\u00edlem sout\u011b\u017ee je vyhled\u00e1v\u00e1n\u00ed a podpora mlad\u00fdch talentovan\u00fdch um\u011bleck\u00fdch osobnost\u00ed.&nbsp;<\/p>\n\n\n\n<h3 class=\"wp-block-heading\"><strong>term\u00edn kon\u00e1n\u00ed:<\/strong><\/h3>\n\n\n\n<h3 class=\"wp-block-heading\"><strong><span style=\"color:#cf2e2e\" class=\"color\">29. 4. &#8211; 3. 5. 2026<\/span><\/strong><\/h3>\n\n\n\n<h3 class=\"wp-block-heading\"><strong>sout\u011b\u017en\u00ed obory:<\/strong><\/h3>\n\n\n\n<ul class=\"wp-block-list\">\n<li><strong>lesn\u00ed roh<\/strong><\/li>\n\n\n\n<li><strong>trubka<\/strong><\/li>\n\n\n\n<li><strong>trombon<\/strong><\/li>\n\n\n\n<li><strong>tuba<\/strong><\/li>\n\n\n\n<li><strong>fagot<\/strong><\/li>\n<\/ul>\n\n\n\n<h3 class=\"wp-block-heading\"><strong>podm\u00ednky pro \u00fa\u010dast v sout\u011b\u017ei<\/strong><\/h3>\n\n\n\n<p>Sout\u011b\u017e je ur\u010dena pro um\u011blce z \u010cesk\u00e9 republiky, Slovenska, Polska a Ma\u010farska (kte\u0159\u00ed maj\u00ed v jednom ze jmenovan\u00fdch st\u00e1t\u016f trval\u00e9 bydli\u0161t\u011b, nebo v n\u011bm studuj\u00ed, nebo maj\u00ed n\u00e1rodnost jednoho ze jmenovan\u00fdch st\u00e1t\u016f).<\/p>\n\n\n\n<p>Sout\u011b\u017e je rozd\u011blena do t\u011bchto kategori\u00ed:<\/p>\n\n\n\n<ul class=\"wp-block-list\">\n<li><strong>kategorie I&nbsp;<\/strong>(1. \u2013 2. ro\u010dn\u00edk konzervato\u0159\u00ed a st\u0159edn\u00edch um\u011bleck\u00fdch \u0161kol)<\/li>\n\n\n\n<li><strong>kategorie II&nbsp;<\/strong>(3. \u2013 4. ro\u010dn\u00edk konzervato\u0159\u00ed a st\u0159edn\u00edch um\u011bleck\u00fdch \u0161kol)<\/li>\n\n\n\n<li><strong>kategorie III&nbsp;<\/strong>&nbsp;(5. a 6. ro\u010dn\u00edk konzervato\u0159\u00ed, 1. ro\u010dn\u00edk vysok\u00fdch um\u011bleck\u00fdch \u0161kol)<\/li>\n\n\n\n<li><strong>kategorie IV&nbsp;<\/strong>(2. a vy\u0161\u0161\u00ed ro\u010dn\u00edky vysok\u00fdch um\u011bleck\u00fdch \u0161kol, absolventi um\u011bleck\u00fdch \u0161kol a profesion\u00e1ln\u00ed hr\u00e1\u010di)<\/li>\n<\/ul>\n\n\n\n<p class=\"has-vivid-red-color has-text-color\"><strong>Pro ur\u010den\u00ed kategorie je rozhoduj\u00edc\u00ed ro\u010dn\u00edk studia ve \u0161koln\u00edm\/akademick\u00e9m roce 2025\/2026.<\/strong><\/p>\n\n\n\n<p>Sout\u011b\u017e\u00edc\u00ed z&nbsp;ni\u017e\u0161\u00ed kategorie m\u016f\u017ee sout\u011b\u017eit ve vy\u0161\u0161\u00ed kategorii<\/p>\n\n\n\n<h3 class=\"wp-block-heading\"><strong>pr\u016fb\u011bh sout\u011b\u017ee<\/strong><\/h3>\n\n\n\n<p>Sout\u011b\u017e prob\u011bhne v kategori\u00edch I, II, III a IV v ka\u017ed\u00e9m oboru ve dvou kolech.&nbsp;<\/p>\n\n\n\n<p>\u00da\u010dastn\u00edci sout\u011b\u017e\u00ed v abecedn\u00edm po\u0159ad\u00ed (podle \u010desk\u00e9 abecedy) dle p\u0159\u00edjmen\u00ed s v\u00fdhradou nezbytn\u00fdch zm\u011bn oproti abecedn\u00edmu po\u0159ad\u00ed kv\u016fli koliz\u00edm korepetitor\u016f.<\/p>\n\n\n\n<p>\u00da\u010dastn\u00edk je povinen se dostavit v \u010dase dle harmonogramu, kter\u00fd bude zve\u0159ejn\u011bn p\u0159ed kon\u00e1n\u00edm ka\u017ed\u00e9ho kola,&nbsp;na m\u00edsto, kde se sout\u011b\u017e kon\u00e1.&nbsp;Nedostav\u00ed-li se \u00fa\u010dastn\u00edk k sout\u011b\u017en\u00edmu vystoupen\u00ed v ur\u010den\u00fd \u010das, pova\u017euje se za vy\u0159azen\u00e9ho&nbsp;ze sout\u011b\u017ee. Na n\u00e1vrh poroty m\u016f\u017ee p\u0159edseda po\u0159adatele v\u00fdjime\u010dn\u011b rozhodnout, \u017ee \u00fa\u010dastn\u00edk&nbsp;m\u016f\u017ee v sout\u011b\u017ei pokra\u010dovat.&nbsp;<\/p>\n\n\n\n<p>\u00da\u010dastn\u00edci mohou na sout\u011b\u017ei vystoupit se sv\u00fdm korepetitorem\/klav\u00edristou, kter\u00fd si v\u0161ak mus\u00ed ve\u0161ker\u00e9 cestovn\u00ed a pobytov\u00e9 v\u00fdlohy hradit s\u00e1m. \u00da\u010dastn\u00edci, kte\u0159\u00ed nebudou na sout\u011b\u017ei vystupovat s vlastn\u00edm klav\u00edristou, po\u017e\u00e1daj\u00ed v p\u0159ihl\u00e1\u0161ce o zaji\u0161t\u011bn\u00ed ofici\u00e1ln\u00edho doprovaze\u010de. Poplatek za ofici\u00e1ln\u00edho korepetitora je 1000,-K\u010d a je splatn\u00fd p\u0159i p\u0159\u00edjezdu na sekretari\u00e1t\u011b sout\u011b\u017ee.<\/p>\n\n\n\n<p>\u010clenov\u00e9 poroty nebudou v pr\u016fb\u011bhu sout\u011b\u017ee poskytovat \u00fa\u010dastn\u00edk\u016fm ani jejich&nbsp;prost\u0159edn\u00edk\u016fm informace ani konzultace t\u00fdkaj\u00edc\u00ed se sout\u011b\u017ee (neplat\u00ed u t\u011bch \u00fa\u010dastn\u00edk\u016f, jejich\u017e aktivn\u00ed&nbsp;\u00fa\u010dast v sout\u011b\u017ei byla ukon\u010dena).<\/p>\n\n\n\n<p>P\u0159i ve\u0159ejn\u00e9 produkci je hra z kopie ti\u0161t\u011bn\u00e9ho notov\u00e9ho materi\u00e1lu vydavatele v rozporu s autorsk\u00fdm z\u00e1konem a interpret na sebe p\u0159eb\u00edr\u00e1 ve\u0161kerou zodpov\u011bdnost za p\u0159\u00edpadn\u00e9 pr\u00e1vn\u00ed sankce.<\/p>\n\n\n\n<h3 class=\"wp-block-heading\"><strong>poroty<\/strong><\/h3>\n\n\n\n<p>Po\u0159adatel sout\u011b\u017ee jmenuje pro ka\u017ed\u00fd obor (v p\u0159\u00edpad\u011b pot\u0159eby i pro kategorii) 5-8 \u010dlennou mezin\u00e1rodn\u00ed porotu, slo\u017eenou ze zku\u0161en\u00fdch hr\u00e1\u010d\u016f\/pedagog\u016f dan\u00e9ho oboru. Jm\u00e9na porotc\u016f budou zve\u0159ejn\u011bna na webov\u00fdch str\u00e1nk\u00e1ch po\u0159adatele p\u0159ed za\u010d\u00e1tkem sout\u011b\u017ee.&nbsp;Na prvn\u00edm jedn\u00e1n\u00ed zvol\u00ed porota ze sv\u00fdch \u010dlen\u016f&nbsp;p\u0159edsedu poroty.&nbsp;<\/p>\n\n\n\n<p>P\u0159edseda i \u010dlenov\u00e9 poroty jsou povinni se sezn\u00e1mit p\u0159ed zah\u00e1jen\u00edm sout\u011b\u017ee s jej\u00edmi podm\u00ednkami a jsou povinni se jimi \u0159\u00eddit po celou dobu sout\u011b\u017ee.&nbsp;<\/p>\n\n\n\n<p>V\u00fdkonn\u00fdm org\u00e1nem poroty je tajemn\u00edk poroty (d\u00e1le t\u00e9\u017e jen \u201etajemn\u00edk\u201c). V souladu&nbsp;se sout\u011b\u017en\u00edmi podm\u00ednkami zaji\u0161\u0165uje pr\u016fb\u011bh sout\u011b\u017ee, \u00fa\u010dastn\u00ed se v\u0161ech&nbsp;jedn\u00e1n\u00ed poroty bez hlasovac\u00edho pr\u00e1va a je jej\u00edmi rozhodnut\u00edmi v\u00e1z\u00e1n.&nbsp;<\/p>\n\n\n\n<p>Jedn\u00e1n\u00ed poroty \u0159\u00edd\u00ed jej\u00ed p\u0159edseda. V souladu se sout\u011b\u017en\u00edmi podm\u00ednkami&nbsp;a denn\u00edm rozvrhem sout\u011b\u017ee stanov\u00ed p\u0159edseda program jedn\u00e1n\u00ed poroty. Tajemn\u00edk zaji\u0161\u0165uje&nbsp;zve\u0159ejn\u011bn\u00ed v\u00fdsledk\u016f a rozhodnut\u00ed poroty.&nbsp;<\/p>\n\n\n\n<p>Porota vyslechne, posoud\u00ed a ocen\u00ed v\u00fdkony v\u0161ech \u00fa\u010dastn\u00edk\u016f p\u0159ijat\u00fdch do sout\u011b\u017ee,&nbsp;a to v rozsahu stanoven\u00e9m sout\u011b\u017en\u00edmi podm\u00ednkami, \u010d\u00e1st\u00ed Sout\u011b\u017en\u00ed reperto\u00e1r. Do pr\u016fb\u011bhu&nbsp;sout\u011b\u017en\u00edch vystoupen\u00ed nezasahuje, v p\u0159\u00edpad\u011b p\u0159ekro\u010den\u00ed \u010dasov\u00e9ho limitu stanoven\u00e9ho&nbsp;po\u0159adatelem m\u016f\u017ee p\u0159edseda poroty sout\u011b\u017en\u00ed vystoupen\u00ed ukon\u010dit.&nbsp;<\/p>\n\n\n\n<p>Porota p\u0159ij\u00edm\u00e1 rozhodnut\u00ed v\u00fdhradn\u011b na sv\u00fdch jedn\u00e1n\u00edch. O v\u0161ech ot\u00e1zk\u00e1ch rozhoduje&nbsp;porota hlasov\u00e1n\u00edm prostou v\u011bt\u0161inou. V p\u0159\u00edpad\u011b rovnosti hlas\u016f rozhoduje hlas p\u0159edsedy.&nbsp;<\/p>\n\n\n\n<p>\u010clenov\u00e9 poroty jsou povinni \u00fa\u010dastnit se jedn\u00e1n\u00ed poroty. Jedn\u00e1n\u00ed mohou b\u00fdt p\u0159\u00edtomni t\u00e9\u017e&nbsp;z\u00e1stupci po\u0159adatele. V\u0161ichni \u00fa\u010dastn\u00edci jedn\u00e1n\u00ed jsou povinni zachov\u00e1vat ml\u010den\u00ed o obsahu&nbsp;jedn\u00e1n\u00ed poroty.&nbsp;<\/p>\n\n\n\n<p>Jedn\u00e1n\u00ed poroty jsou neve\u0159ejn\u00e1.&nbsp;<\/p>\n\n\n\n<h3 class=\"wp-block-heading\"><strong>hodnocen\u00ed a ocen\u011bn\u00ed sout\u011b\u017en\u00edch vystoupen\u00ed<\/strong><\/h3>\n\n\n\n<p>\u010clenov\u00e9 poroty posuzuj\u00ed sout\u011b\u017en\u00ed vystoupen\u00ed objektivn\u011b podle sv\u00e9ho nejlep\u0161\u00edho sv\u011bdom\u00ed&nbsp;a odborn\u00fdch krit\u00e9ri\u00ed bodov\u00fdm ohodnocen\u00edm, kter\u00e9 je neve\u0159ejn\u00e9. Jm\u00e9na postupuj\u00edc\u00edch&nbsp;i nepostupuj\u00edc\u00edch \u00fa\u010dastn\u00edk\u016f budou zve\u0159ejn\u011bna spolu s uveden\u00edm dosa\u017een\u00fdch bodov\u00fdch&nbsp;pr\u016fm\u011br\u016f.&nbsp;<\/p>\n\n\n\n<p>Ka\u017ed\u00e9 sout\u011b\u017en\u00ed vystoupen\u00ed ve v\u0161ech kolech hodnot\u00ed \u010dlenov\u00e9 poroty p\u00edsemn\u011b&nbsp;na bodovac\u00edm l\u00edstku od 1 bodu (nejni\u017e\u0161\u00ed ohodnocen\u00ed) do 25 bod\u016f (nejvy\u0161\u0161\u00ed ohodnocen\u00ed).&nbsp;D\u011blen\u00ed bod\u016f nen\u00ed p\u0159\u00edpustn\u00e9. Bodovac\u00ed l\u00edstky, kter\u00e9 jsou ne\u00fapln\u011b vypln\u011bn\u00e9, ne\u010diteln\u00e9 nebo&nbsp;neobsahuj\u00ed podpis \u010dlena poroty, jsou neplatn\u00e9 a jsou vy\u0159azeny z bodovac\u00ed procedury.&nbsp;V p\u0159\u00edpad\u011b, \u017ee \u010dlen poroty uvede myln\u00fd po\u010det bod\u016f do bodovac\u00edho l\u00edstku, m\u016f\u017ee nespr\u00e1vn\u00fd&nbsp;\u00fadaj p\u0159e\u0161krtnout, napsat nov\u00e9 bodov\u00e9 ohodnocen\u00ed a s pozn\u00e1mkou \u201eopraveno\u201c mus\u00ed&nbsp;opravu podepsat. Opravy bodov\u00fdch ohodnocen\u00ed lze prov\u00e9st pouze p\u0159ed odevzd\u00e1n\u00edm&nbsp;<br>bodovac\u00edho l\u00edstku.&nbsp;<\/p>\n\n\n\n<p>\u010clen poroty odevzd\u00e1v\u00e1 bodovac\u00ed l\u00edstky tajemn\u00edkovi bezprost\u0159edn\u011b po ka\u017ed\u00e9 frekvenci&nbsp;(dopoledn\u00ed, odpoledn\u00ed a ve\u010dern\u00ed \u010d\u00e1st sout\u011b\u017en\u00edch vystoupen\u00ed). Bodovac\u00ed l\u00edstky odevzdan\u00e9&nbsp;po stanoven\u00e9m term\u00ednu jsou neplatn\u00e9.&nbsp;<\/p>\n\n\n\n<p>\u010clen poroty je povinen zdr\u017eet se bodov\u00e9ho hodnocen\u00ed \u00fa\u010dastn\u00edka:<\/p>\n\n\n\n<ul class=\"wp-block-list\">\n<li>jeho\u017e v\u00fdkon nesly\u0161el v cel\u00e9m rozsahu,&nbsp;<\/li>\n\n\n\n<li>jeho\u017e vyu\u010duje,&nbsp;<\/li>\n\n\n\n<li>jen\u017e je pro n\u011bj osobou bl\u00edzkou&nbsp;<\/li>\n<\/ul>\n\n\n\n<p>V t\u011bchto p\u0159\u00edpadech odevzd\u00e1 podepsan\u00fd bodovac\u00ed l\u00edstek s ud\u00e1n\u00edm d\u016fvodu, pro\u010d neboduje&nbsp;(nep\u0159\u00edtomen, \u017e\u00e1k, osoba bl\u00edzk\u00e1).&nbsp;<\/p>\n\n\n\n<p>Bodov\u00e9 ohodnocen\u00ed dosa\u017een\u00e9 v jednotliv\u00fdch kolech \u00fa\u010dastn\u00edkem sout\u011b\u017ee se pro kone\u010dn\u00e9&nbsp;po\u0159ad\u00ed s\u010d\u00edt\u00e1.&nbsp;<\/p>\n\n\n\n<p>N\u00e1sledn\u011b po skon\u010den\u00ed sout\u011b\u017en\u00edch vystoupen\u00ed ka\u017ed\u00e9ho kola provede tajemn\u00edk p\u0159ehled&nbsp;bodov\u00e1n\u00ed, propo\u010dte bodov\u00e9 (aritmetick\u00e9) pr\u016fm\u011bry a podle nich sestav\u00ed po\u0159ad\u00ed \u00fa\u010dastn\u00edk\u016f.&nbsp;Nejvy\u0161\u0161\u00ed a nejni\u017e\u0161\u00ed bodov\u00e9 hodnocen\u00ed se u ka\u017ed\u00e9ho \u00fa\u010dastn\u00edka \u0161krt\u00e1 a nezapo\u010d\u00edt\u00e1v\u00e1&nbsp;se do bodov\u00e9ho (aritmetick\u00e9ho) pr\u016fm\u011bru &#8211; v\u00fdjimkou z tohoto pravidla je p\u011bti\u010dlenn\u00e1 porota. Bodov\u00e1n\u00ed jednotliv\u00fdch \u010dlen\u016f poroty je pro ostatn\u00ed \u010dleny p\u0159\u00edstupn\u00e9.<\/p>\n\n\n\n<p>Po p\u0159edlo\u017een\u00ed p\u0159ehledu bodov\u00e1n\u00ed 1. kola, v\u010detn\u011b bodov\u00fdch pr\u016fm\u011br\u016f, rozhodne porota&nbsp;o postupu \u00fa\u010dastn\u00edk\u016f do II. kola. Do II. kola postupuje v ka\u017ed\u00e9 kategorii zpravidla 50%&nbsp;\u00fa\u010dastn\u00edk\u016f dle bodovan\u00e9ho po\u0159ad\u00ed.&nbsp;<\/p>\n\n\n\n<p>Po vyslechnut\u00ed sout\u011b\u017en\u00edch vystoupen\u00ed 2. kola uzav\u0159e porota celkov\u00e9 v\u00fdsledky sout\u011b\u017ee.&nbsp;Bodov\u00e1 hodnocen\u00ed obou kol s\u010d\u00edtaj\u00ed. P\u0159i bodov\u00e9 shod\u011b nebo minim\u00e1ln\u00edm bodov\u00e9m rozd\u00edlu m\u016f\u017ee porota po dohod\u011b s po\u0159adatelem rozhodnout o rozd\u011blen\u00ed ceny mezi v\u00edce \u00fa\u010dastn\u00edk\u016f.&nbsp;&nbsp;<br>Nedos\u00e1hnou-li v\u00fdkony \u00fa\u010dastn\u00edk\u016f po\u017eadovan\u00e9 \u00farovn\u011b, porota rozhodne, zda ud\u011bl\u00ed v\u0161echny&nbsp;vypsan\u00e9 ceny, p\u0159\u00edpadn\u011b nemus\u00ed ud\u011blit \u017e\u00e1dnou z nich, pokud z\u00e1rove\u0148 konstatuje,&nbsp;\u017ee v\u00fdkony \u00fa\u010dastn\u00edk\u016f nedosahuj\u00ed obvykl\u00e9 um\u011bleck\u00e9 \u00farovn\u011b sout\u011b\u017ee pro ud\u011blov\u00e1n\u00ed cen.&nbsp;Po skon\u010den\u00ed z\u00e1v\u011bre\u010dn\u00e9ho jedn\u00e1n\u00ed (t\u00fd\u017e den)&nbsp;se v\u00fdsledky sout\u011b\u017ee ve\u0159ejn\u011b vyhla\u0161uj\u00ed.&nbsp;<\/p>\n\n\n\n<p>Nositel\u00e9 1., 2. a 3. ceny z\u00edsk\u00e1vaj\u00ed titul \u201elaure\u00e1t sout\u011b\u017ee\u201c. \u00da\u010dastn\u00edk sout\u011b\u017ee s nejvy\u0161\u0161\u00edm po\u010dtem bod\u016f v ka\u017ed\u00e9m&nbsp;oboru obdr\u017e\u00ed z\u00e1rove\u0148 titul \u201eAbsolutn\u00ed v\u00edt\u011bz oboru\u201c.  <\/p>\n\n\n\n<p>Nositel\u00e9 1. ceny d\u00e1le obdr\u017e\u00ed:<br>Kategorie I: 100,-EUR<br>Kategorie II: 200,-EUR<br>Kategorie III: 300,-EUR<br>Kategorie IV: 400,-EUR&nbsp;&nbsp;&nbsp;&nbsp;&nbsp;&nbsp;&nbsp;&nbsp;<\/p>\n\n\n\n<p>Absolutn\u00ed v\u00edt\u011bzov\u00e9 jednotliv\u00fdch obor\u016f obdr\u017e\u00ed v\u011bcn\u00e9 ceny od sponzor\u016f.<\/p>\n\n\n\n<p>Rozhodnut\u00ed poroty jsou kone\u010dn\u00e1 a nen\u00ed proti nim odvol\u00e1n\u00ed.&nbsp;<\/p>\n\n\n\n<h3 class=\"wp-block-heading\"><strong>p\u0159ihl\u00e1\u0161ka<\/strong><\/h3>\n\n\n\n<p>Z\u00e1jemci o \u00fa\u010dast v sout\u011b\u017ei vypln\u00ed elektronickou p\u0159ihl\u00e1\u0161ku na webov\u00fdch str\u00e1nk\u00e1ch po\u0159adatele (https:\/\/www.zestebrno.cz) nejpozd\u011bji dne&nbsp;<strong><span style=\"color:#cf2e2e\" class=\"color\">28. 2. 2026.<\/span><\/strong><\/p>\n\n\n\n<h3 class=\"wp-block-heading\"><strong>sout\u011b\u017en\u00ed poplatek<\/strong><\/h3>\n\n\n\n<p>V\u00fd\u0161e sout\u011b\u017en\u00edho poplatku bude je\u00a0<strong>2500 K\u010d<\/strong>\u00a0a mus\u00ed b\u00fdt uhrazen nejpozd\u011bji do\u00a0<strong><span style=\"color:#cf2e2e\" class=\"color\">15. 3. 2026<\/span><\/strong> p\u0159evodem na \u00fa\u010det:<br><br>banka: Fio banka, a.s., Jo\u0161tova 4, 602 00 Brno<br>\u010d\u00edslo \u00fa\u010dtu: \u010d.\u00fa. 2503224072\/2010<br>SWIFT\/BIC: FIOBCZPPXXX<br>IBAN: CZ98 2010 0000 0025 0322 4072\u00a0<br><\/p>\n\n\n\n<p><strong>Sout\u011b\u017en\u00ed poplatek je nevratn\u00fd<\/strong><em><strong> <\/strong><\/em><strong>s&nbsp;v\u00fdjimkou p\u0159\u00edpadu zru\u0161en\u00ed cel\u00e9 sout\u011b\u017ee.<\/strong><br><br>\u00da\u010dastn\u00edk mus\u00ed v\u017edy uv\u00e9st do pole &#8222;Variabiln\u00ed symbol&#8220; sv\u016fj variabiln\u00ed symbol, kter\u00fd obdr\u017e\u00ed p\u0159i p\u0159ihla\u0161ov\u00e1n\u00ed a do pole &#8222;Zpr\u00e1va pro p\u0159\u00edjemce&#8220; variabiln\u00ed symbol + sv\u00e9 jm\u00e9no a p\u0159\u00edjmen\u00ed. \u00da\u010dastn\u00edk za\u0161le po\u0159adateli mailem potvrzen\u00ed o p\u0159ijet\u00ed platby bankou. Bankovn\u00ed poplatky hrad\u00ed odes\u00edlatel.<br><br>V p\u0159\u00edpad\u011b, \u017ee budete pos\u00edlat pen\u00edze za v\u00edce sout\u011b\u017e\u00edc\u00edch spole\u010dn\u011b, napi\u0161te pros\u00edm variabiln\u00ed symboly, jm\u00e9na v\u0161ech osob za kter\u00e9 plat\u00edte a \u010d\u00edslo Va\u0161eho \u00fa\u010dtu na adresu: &#x69;&#x6e;&#x66;&#111;&#64;&#122;es&#x74;&#x65;&#x62;&#x72;&#110;&#111;&#46;c&#x7a;.<\/p>\n\n\n\n<h3 class=\"wp-block-heading\"><strong>poplatek za p\u0159id\u011blen\u00ed ofici\u00e1ln\u00edho korepetitora<\/strong><\/h3>\n\n\n\n<p>Poplatek za ofici\u00e1ln\u00edho korepetitora je 1000 K\u010d a hrad\u00ed se p\u0159i p\u0159\u00edjezdu na sekretari\u00e1t\u011b sout\u011b\u017ee. \u00da\u010dastn\u00edk mus\u00ed po\u017e\u00e1dat o ofici\u00e1ln\u00edho korepetitora v p\u0159ihl\u00e1\u0161ce<\/p>\n\n\n\n<h3 class=\"wp-block-heading\"><strong>ubytov\u00e1n\u00ed a strava<\/strong><\/h3>\n\n\n\n<p>Ve\u0161ker\u00e9 cestovn\u00ed, stravovac\u00ed a pobytov\u00e9 v\u00fdlohy si \u00fa\u010dastn\u00edci hrad\u00ed sami.<br>Po\u0159adatel&nbsp;<strong>nezaji\u0161\u0165uje<\/strong>&nbsp;ubytov\u00e1n\u00ed ani stravov\u00e1n\u00ed pro \u00fa\u010dastn\u00edky sout\u011b\u017ee.<br>&nbsp;<\/p>\n\n\n\n<h3 class=\"wp-block-heading\"><strong>ochrana osobn\u00edch \u00fadaj\u016f<\/strong><\/h3>\n\n\n\n<p>Sout\u011b\u017en\u00ed vystoupen\u00ed jsou ve v\u0161ech kategori\u00edch i kolech&nbsp;<strong>ve\u0159ejn\u00e1<\/strong>.&nbsp; Sout\u011b\u017en\u00ed harmonogramy a bulletiny obsahuj\u00edc\u00ed jm\u00e9na sout\u011b\u017e\u00edc\u00edch a korepetitor\u016f (v kategorii JUNIOR tak\u00e9 jm\u00e9na vyu\u010duj\u00edc\u00edch hlavn\u00edho oboru) jsou&nbsp;<strong>ve\u0159ejn\u00e9<\/strong>. Postupov\u00e9 a v\u00fdsledkov\u00e9 listiny obsahuj\u00edc\u00ed jm\u00e9na sout\u011b\u017e\u00edc\u00edch jsou&nbsp;<strong>ve\u0159ejn\u00e9<\/strong>.<\/p>\n\n\n\n<p>Podrobnosti ochrany osobn\u00edch \u00fadaj\u016f a \u0159e\u0161en\u00ed souhlas\u016f s jejich zpracov\u00e1n\u00edm jsou obsahem dokumentu&nbsp;<strong><a href=\"https:\/\/zestebrno.cz\/files\/GDPR18.pdf\" target=\"_blank\" rel=\"noreferrer noopener\">Informace o zpracov\u00e1n\u00ed osobn\u00edch \u00fadaj\u016f<\/a>.<\/strong><\/p>\n\n\n\n<h2 class=\"wp-block-heading\"><strong>SOUT\u011a\u017dN\u00cd REPERTO\u00c1R<\/strong><\/h2>\n\n\n\n<p>\u00da\u010dastn\u00edk je povinen hr\u00e1t nejprve povinnou skladbu a pot\u00e9 jednu volitelnou skladbu a to v\u017edy od jej\u00edho za\u010d\u00e1tku. V p\u0159\u00edpad\u011b, \u017ee jsou v sout\u011b\u017en\u00edm reperto\u00e1ru uvedeny vybran\u00e9 v\u011bty nebo \u010d\u00e1sti, je jejich po\u0159ad\u00ed z\u00e1vazn\u00e9.<\/p>\n\n\n\n<p><strong>Podm\u00ednkou sout\u011b\u017ee je hra zpam\u011bti jedn\u00e9 skladby v ka\u017ed\u00e9m kole.<\/strong><\/p>\n\n\n\n<p>Sout\u011b\u017e\u00edc\u00ed v ni\u017e\u0161\u00ed kategorii si m\u016f\u017ee jako volitelnou skladbu vybrat kteroukoliv skladbu z kategorie vy\u0161\u0161\u00ed.<\/p>\n\n\n\n<p><a href=\"https:\/\/www.zestebrno.cz\/?page_id=191\">Sout\u011b\u017en\u00ed reperto\u00e1r \u2013 obor lesn\u00ed roh<\/a><\/p>\n\n\n\n<p><a href=\"https:\/\/www.zestebrno.cz\/?page_id=210\">Sout\u011b\u017en\u00ed reperto\u00e1r \u2013 obor trubka<\/a><\/p>\n\n\n\n<p><a href=\"https:\/\/www.zestebrno.cz\/?page_id=212\">Sout\u011b\u017en\u00ed reperto\u00e1r \u2013 obor trombon<\/a><\/p>\n\n\n\n<p><a href=\"https:\/\/www.zestebrno.cz\/?page_id=214\">Sout\u011b\u017en\u00ed reperto\u00e1r \u2013 obor tuba<\/a><\/p>\n\n\n\n<p><a href=\"https:\/\/www.zestebrno.cz\/?page_id=208\">Sout\u011b\u017en\u00ed reperto\u00e1r \u2013 obor fagot<\/a><\/p>\n\n\n\n<h2 class=\"wp-block-heading\"><strong>Z\u00c1V\u011aRE\u010cN\u00c1 USTANOVEN\u00cd<\/strong><\/h2>\n\n\n\n<p>P\u0159\u00edpadn\u00e9 neshody a rozpory, kter\u00e9 nejsou t\u011bmito&nbsp;sout\u011b\u017en\u00edmi podm\u00ednkami v\u00fdslovn\u011b upraveny, \u0159e\u0161\u00ed p\u0159edseda po\u0159adatele.&nbsp;<\/p>\n\n\n\n<p>Tyto sout\u011b\u017en\u00ed podm\u00ednky byly schv\u00e1leny Radou po\u0159adatele&nbsp;a jsou vyd\u00e1v\u00e1ny v jazyce \u010desk\u00e9m a anglick\u00e9m. V p\u0159\u00edpad\u011b sporu plat\u00ed jako autentick\u00fd text \u010desk\u00fd.&nbsp;Sout\u011b\u017e je vyhl\u00e1\u0161ena&nbsp;a \u0159\u00edd\u00ed se podle pr\u00e1vn\u00edho \u0159\u00e1du \u010cesk\u00e9 republiky a p\u0159\u00edpadn\u00e9 spory projedn\u00e1vaj\u00ed obecn\u00e9 soudy&nbsp;\u010cesk\u00e9 republiky podle ob\u010dansk\u00e9ho soudn\u00edho \u0159\u00e1du \u010cesk\u00e9 republiky.&nbsp;<\/p>\n\n\n\n<p>Sout\u011b\u017en\u00ed podm\u00ednky nab\u00fdvaj\u00ed platnosti dnem 23. 6. 2025.<\/p>\n\n\n\n<p>V Brn\u011b dne 23. 6. 2025<\/p>\n","protected":false},"excerpt":{"rendered":"<p>XV. Mezin\u00e1rodn\u00ed interpreta\u010dn\u00ed sout\u011b\u017e dechov\u00fdch n\u00e1stroj\u016f Brno 2026 V\u0160EOBECN\u00c1 USTANOVEN\u00cd Tyto podm\u00ednky jsou platn\u00e9 pouze pro kategorie I, II, III a IV. po\u0159adatel a c\u00edle Vyhla\u0161ovatelem a po\u0159adatelem XV. Mezin\u00e1rodn\u00ed interpreta\u010dn\u00ed sout\u011b\u017ee dechov\u00fdch n\u00e1stroj\u016f&nbsp;Brno 2026 (d\u00e1le t\u00e9\u017e jen \u201esout\u011b\u017e\u201c) je spolek Asociace interpreta\u010dn\u00ed sout\u011b\u017ee&nbsp;dechov\u00fdch n\u00e1stroj\u016f Brno z. s. se s\u00eddlem v Brn\u011b, t\u0159. Kpt. Jaro\u0161e [&hellip;]<\/p>\n","protected":false},"author":1,"featured_media":0,"parent":0,"menu_order":0,"comment_status":"closed","ping_status":"closed","template":"","meta":{"footnotes":""},"class_list":["post-533","page","type-page","status-publish","hentry"],"_links":{"self":[{"href":"https:\/\/zestebrno.cz\/index.php?rest_route=\/wp\/v2\/pages\/533","targetHints":{"allow":["GET"]}}],"collection":[{"href":"https:\/\/zestebrno.cz\/index.php?rest_route=\/wp\/v2\/pages"}],"about":[{"href":"https:\/\/zestebrno.cz\/index.php?rest_route=\/wp\/v2\/types\/page"}],"author":[{"embeddable":true,"href":"https:\/\/zestebrno.cz\/index.php?rest_route=\/wp\/v2\/users\/1"}],"replies":[{"embeddable":true,"href":"https:\/\/zestebrno.cz\/index.php?rest_route=%2Fwp%2Fv2%2Fcomments&post=533"}],"version-history":[{"count":20,"href":"https:\/\/zestebrno.cz\/index.php?rest_route=\/wp\/v2\/pages\/533\/revisions"}],"predecessor-version":[{"id":1801,"href":"https:\/\/zestebrno.cz\/index.php?rest_route=\/wp\/v2\/pages\/533\/revisions\/1801"}],"wp:attachment":[{"href":"https:\/\/zestebrno.cz\/index.php?rest_route=%2Fwp%2Fv2%2Fmedia&parent=533"}],"curies":[{"name":"wp","href":"https:\/\/api.w.org\/{rel}","templated":true}]}}