{"id":284,"date":"2021-02-08T15:03:42","date_gmt":"2021-02-08T14:03:42","guid":{"rendered":"https:\/\/www.zestebrno.cz\/test\/?page_id=284"},"modified":"2021-02-08T15:03:43","modified_gmt":"2021-02-08T14:03:43","slug":"vii-mezinarodni-interpretacni-soutez-zestovych-nastroju-brno-2009","status":"publish","type":"page","link":"https:\/\/zestebrno.cz\/?page_id=284","title":{"rendered":"VII. Mezin\u00e1rodn\u00ed interpreta\u010dn\u00ed sout\u011b\u017e \u017ees\u0165ov\u00fdch n\u00e1stroj\u016f Brno 2009"},"content":{"rendered":"\n<h2 class=\"wp-block-heading\">sout\u011b\u017e a v\u00fdsledky<\/h2>\n\n\n\n<p><strong>V\u00fdsledkov\u00e1 listina (sout\u011b\u017e 2009) I., II. a III. kategorie ke sta\u017een\u00ed&nbsp;<a href=\"https:\/\/zestebrno.cz\/files\/vysledky.pdf\">zde<\/a><br>(pdf 685 kB)<\/strong><\/p>\n\n\n\n<p><br><strong>V\u00fdsledkov\u00e1 listina (sout\u011b\u017e 2009) kategorie JUNIOR ke sta\u017een\u00ed.&nbsp;<a href=\"https:\/\/zestebrno.cz\/files\/vysledky_junior.pdf\">zde<\/a><br>(pdf 30 kB)<\/strong><\/p>\n\n\n\n<p><br><strong><a href=\"https:\/\/zestebrno.cz\/files\/bulletin.pdf\">Sout\u011b\u017en\u00ed bulletin z roku 2009 v pdf.<\/a><br>(1.2 mB)<\/strong><\/p>\n\n\n\n<h2 class=\"wp-block-heading\">organiza\u010dn\u00ed t\u00fdm Brno 2009<\/h2>\n\n\n\n<p>p\u0159edseda<br>Jind\u0159ich Petr\u00e1\u0161<br><br>mana\u017eer sout\u011b\u017ee<br>Jon\u00e1\u0161 Harman<br><br>m\u00edstop\u0159edsedov\u00e9&nbsp;<br>Pavel Bure\u0161, Ivo Navr\u00e1til<\/p>\n\n\n\n<p><br>organizace JUNIOR<br>Olga Vold\u00e1nov\u00e1<br><br>zahrani\u010dn\u00ed partne\u0159i<br>Zdzis\u0142aw Stolarczyk, Guszt\u00e1v H\u00f6na,&nbsp;J\u00e1n Budz\u00e1k<br><br>sekretari\u00e1t<br>Anna \u0160otolov\u00e1, Alena Vahal\u00edkov\u00e1<br><br>garanti obor\u016f<br>Petr Hoja\u010d, Tom\u00e1\u0161 Kopeck\u00fd<br><br>dal\u0161\u00ed \u010dlenov\u00e9 t\u00fdmu<br>Josef Cecava, Franti\u0161ek Je\u0159\u00e1bek,<br>Josef Stibor, Jan Broda<\/p>\n","protected":false},"excerpt":{"rendered":"<p>sout\u011b\u017e a v\u00fdsledky V\u00fdsledkov\u00e1 listina (sout\u011b\u017e 2009) I., II. a III. kategorie ke sta\u017een\u00ed&nbsp;zde(pdf 685 kB) V\u00fdsledkov\u00e1 listina (sout\u011b\u017e 2009) kategorie JUNIOR ke sta\u017een\u00ed.&nbsp;zde(pdf 30 kB) Sout\u011b\u017en\u00ed bulletin z roku 2009 v pdf.(1.2 mB) organiza\u010dn\u00ed t\u00fdm Brno 2009 p\u0159edsedaJind\u0159ich Petr\u00e1\u0161 mana\u017eer sout\u011b\u017eeJon\u00e1\u0161 Harman m\u00edstop\u0159edsedov\u00e9&nbsp;Pavel Bure\u0161, Ivo Navr\u00e1til organizace JUNIOROlga Vold\u00e1nov\u00e1 zahrani\u010dn\u00ed partne\u0159iZdzis\u0142aw Stolarczyk, Guszt\u00e1v H\u00f6na,&nbsp;J\u00e1n [&hellip;]<\/p>\n","protected":false},"author":1,"featured_media":0,"parent":0,"menu_order":0,"comment_status":"closed","ping_status":"closed","template":"","meta":{"footnotes":""},"class_list":["post-284","page","type-page","status-publish","hentry"],"_links":{"self":[{"href":"https:\/\/zestebrno.cz\/index.php?rest_route=\/wp\/v2\/pages\/284","targetHints":{"allow":["GET"]}}],"collection":[{"href":"https:\/\/zestebrno.cz\/index.php?rest_route=\/wp\/v2\/pages"}],"about":[{"href":"https:\/\/zestebrno.cz\/index.php?rest_route=\/wp\/v2\/types\/page"}],"author":[{"embeddable":true,"href":"https:\/\/zestebrno.cz\/index.php?rest_route=\/wp\/v2\/users\/1"}],"replies":[{"embeddable":true,"href":"https:\/\/zestebrno.cz\/index.php?rest_route=%2Fwp%2Fv2%2Fcomments&post=284"}],"version-history":[{"count":1,"href":"https:\/\/zestebrno.cz\/index.php?rest_route=\/wp\/v2\/pages\/284\/revisions"}],"predecessor-version":[{"id":285,"href":"https:\/\/zestebrno.cz\/index.php?rest_route=\/wp\/v2\/pages\/284\/revisions\/285"}],"wp:attachment":[{"href":"https:\/\/zestebrno.cz\/index.php?rest_route=%2Fwp%2Fv2%2Fmedia&parent=284"}],"curies":[{"name":"wp","href":"https:\/\/api.w.org\/{rel}","templated":true}]}}