{"id":282,"date":"2021-02-08T15:02:51","date_gmt":"2021-02-08T14:02:51","guid":{"rendered":"https:\/\/www.zestebrno.cz\/test\/?page_id=282"},"modified":"2021-02-08T15:02:52","modified_gmt":"2021-02-08T14:02:52","slug":"vi-mezinarodni-interpretacni-soutez-zestovych-nastroju-brno-2007","status":"publish","type":"page","link":"https:\/\/zestebrno.cz\/?page_id=282","title":{"rendered":"VI. Mezin\u00e1rodn\u00ed interpreta\u010dn\u00ed sout\u011b\u017e \u017ees\u0165ov\u00fdch n\u00e1stroj\u016f Brno 2007"},"content":{"rendered":"\n<div class=\"wp-block-image\"><figure class=\"alignleft\"><img decoding=\"async\" src=\"https:\/\/zestebrno.cz\/images\/vedeni.jpg\" alt=\"\"\/><\/figure><\/div>\n\n\n\n<p>Pan\u00ed \u0160otolov\u00e1 a pan G\u00f6pfert zaji\u0161\u0165ovali hladk\u00fd pr\u016fb\u011bh VI.Mezin\u00e1rodn\u00ed interpereta\u010dn\u00ed sout\u011b\u017ee \u017ees\u0165ov\u00fdch n\u00e1stroj\u016f. Dlouholet\u00fd p\u0159edseda Asociace Mgr. Pavel G\u00f6pfert je dnes starostou m\u011bsta&nbsp;<a href=\"http:\/\/www.kunstat-mesto.cz\/\">Kun\u0161t\u00e1t<\/a>&nbsp;a byl jednomysln\u011b zvolen \u010destn\u00fdm p\u0159edsedou Asociace. Bez pe\u010dliv\u00e9 a ne\u00fanavn\u00e9 pr\u00e1ce pana G\u00f6pferta a pan\u00ed \u0160otolov\u00e9 by dnes sout\u011b\u017e nebyla tam, kde je. D\u011bkujeme!<br><br>D\u00edk pat\u0159\u00ed tak\u00e9 b\u00fdval\u00e9mu 2. m\u00edstop\u0159edsedovi Mgr. Vladim\u00edru Weberovi a p\u0159edev\u0161\u00edm Adrian\u011b Polarczyk, skv\u011bl\u00e9 mana\u017eerce sout\u011b\u017ee.<\/p>\n\n\n\n<p><strong><a href=\"https:\/\/zestebrno.cz\/files\/2007\/vysledky-junior.pdf\">V\u00ddSLEDKY KATEGORIE JUNIOR<\/a><\/strong><\/p>\n\n\n\n<p><strong><a href=\"https:\/\/zestebrno.cz\/files\/2007\/vysledky-2007.doc\">V\u00ddSLEDKY VI. ro\u010dn\u00edku sout\u011b\u017ee<\/a><\/strong><\/p>\n\n\n\n<p>St\u00e1hn\u011bte si&nbsp;<a href=\"https:\/\/zestebrno.cz\/files\/2007\/bulletin-zestebrno.cz-2007.pdf\">bulletin pro rok 2007<\/a>&nbsp;v pdf form\u00e1tu&nbsp;(3.9 MB).<\/p>\n","protected":false},"excerpt":{"rendered":"<p>Pan\u00ed \u0160otolov\u00e1 a pan G\u00f6pfert zaji\u0161\u0165ovali hladk\u00fd pr\u016fb\u011bh VI.Mezin\u00e1rodn\u00ed interpereta\u010dn\u00ed sout\u011b\u017ee \u017ees\u0165ov\u00fdch n\u00e1stroj\u016f. Dlouholet\u00fd p\u0159edseda Asociace Mgr. Pavel G\u00f6pfert je dnes starostou m\u011bsta&nbsp;Kun\u0161t\u00e1t&nbsp;a byl jednomysln\u011b zvolen \u010destn\u00fdm p\u0159edsedou Asociace. Bez pe\u010dliv\u00e9 a ne\u00fanavn\u00e9 pr\u00e1ce pana G\u00f6pferta a pan\u00ed \u0160otolov\u00e9 by dnes sout\u011b\u017e nebyla tam, kde je. D\u011bkujeme! D\u00edk pat\u0159\u00ed tak\u00e9 b\u00fdval\u00e9mu 2. m\u00edstop\u0159edsedovi Mgr. Vladim\u00edru [&hellip;]<\/p>\n","protected":false},"author":1,"featured_media":0,"parent":0,"menu_order":0,"comment_status":"closed","ping_status":"closed","template":"","meta":{"footnotes":""},"class_list":["post-282","page","type-page","status-publish","hentry"],"_links":{"self":[{"href":"https:\/\/zestebrno.cz\/index.php?rest_route=\/wp\/v2\/pages\/282","targetHints":{"allow":["GET"]}}],"collection":[{"href":"https:\/\/zestebrno.cz\/index.php?rest_route=\/wp\/v2\/pages"}],"about":[{"href":"https:\/\/zestebrno.cz\/index.php?rest_route=\/wp\/v2\/types\/page"}],"author":[{"embeddable":true,"href":"https:\/\/zestebrno.cz\/index.php?rest_route=\/wp\/v2\/users\/1"}],"replies":[{"embeddable":true,"href":"https:\/\/zestebrno.cz\/index.php?rest_route=%2Fwp%2Fv2%2Fcomments&post=282"}],"version-history":[{"count":1,"href":"https:\/\/zestebrno.cz\/index.php?rest_route=\/wp\/v2\/pages\/282\/revisions"}],"predecessor-version":[{"id":283,"href":"https:\/\/zestebrno.cz\/index.php?rest_route=\/wp\/v2\/pages\/282\/revisions\/283"}],"wp:attachment":[{"href":"https:\/\/zestebrno.cz\/index.php?rest_route=%2Fwp%2Fv2%2Fmedia&parent=282"}],"curies":[{"name":"wp","href":"https:\/\/api.w.org\/{rel}","templated":true}]}}