{"id":214,"date":"2021-02-07T10:47:54","date_gmt":"2021-02-07T09:47:54","guid":{"rendered":"https:\/\/www.zestebrno.cz\/test\/?page_id=214"},"modified":"2021-02-07T10:47:55","modified_gmt":"2021-02-07T09:47:55","slug":"soutezni-skladby-tuba","status":"publish","type":"page","link":"https:\/\/zestebrno.cz\/?page_id=214","title":{"rendered":"sout\u011b\u017en\u00ed skladby \u2013 tuba"},"content":{"rendered":"<h4 class=\"\"><\/h4><div  class=\"program\"><span class=\"program_upozorneni\"><\/span><br \/><br \/><h2>1. kategorie<\/h2><h4>1. kolo - povinn\u00e1 skladba:<\/h4><ul id='program'><li><span class=\"skladba\">Marco Bordogni - 43 Bel Canto Studies \u010d. 7 <\/span><br \/><span class=\"vydano\">(Robert King Music \/ Alphonse Leduc Edition Musicales \/ Music for Brass No. 281)<\/span><\/li><\/ul><h4>2. kolo - povinn\u00e1 skladba:<\/h4><ul id='program'><li><span class=\"skladba\">David Uber - Romance <\/span><br \/><span class=\"vydano\">(Alnitra Music Com. 1986)<\/span><\/li><\/ul><h4>voliteln\u00e9 skladby <small>(jedna skladba pro ka\u017ed\u00e9 kolo)<\/small>:<\/h4><ul id='program'><li><span class=\"skladba\">Alec Wilder  - \"Effie\" Suite <span class='vety'>(6. a 5. v\u011bta  - Effie Sings a Lullaby a Effie Goes Folk Dancing)<\/span><\/span><\/li><li><span class=\"skladba\">Benedetto Marcello - Adagio a Allegro B dur <\/span><br \/><span class=\"vydano\">(<a target=_blank href=files\/marcello_adagio_and_allegro_tuba.pdf>notov\u00fd materi\u00e1l ke sta\u017een\u00ed zde (tuba)<\/a> <br \/><a target=_blank href=files\/marcello_adagio_and_allegro_piano.pdf>notov\u00fd materi\u00e1l ke sta\u017een\u00ed zde (klav\u00edr)<\/a>)<\/span><\/li><li><span class=\"skladba\">Alexandr \u010cerepnin - Andante pro tubu a klav\u00edr <\/span><br \/><span class=\"vydano\">(Edition M.P.Belaieff \u2013 Boosey& Hawkes, 1950)<\/span><\/li><li><span class=\"skladba\">Don Haddad - Suita pro tubu <\/span><br \/><span class=\"vydano\">(Templeton Publishing, 1966)<\/span><\/li><li><span class=\"skladba\">Sol B. Cohen - Romance a scherzo <\/span><\/li><li><span class=\"skladba\">Rodger Vaughan - Concertpiece No. 1 <\/span><\/li><\/ul><h2>2. kategorie<\/h2><h4>1. kolo - povinn\u00e1 skladba:<\/h4><ul id='program'><li><span class=\"skladba\">Marco Bordogni - 43 Bel Canto Studies \u010d. 21 <\/span><br \/><span class=\"vydano\">(Robert King Music \/ Alphonse Leduc Edition Musicales \/ Music for Brass No. 281)<\/span><\/li><\/ul><h4>2. kolo - povinn\u00e1 skladba:<\/h4><ul id='program'><li><span class=\"skladba\">Henri Eccles - Son\u00e1ta g moll <span class='vety'>(1. a 2. v\u011bta)<\/span><\/span><br \/><span class=\"vydano\">(arr. Fernand Lelong, Billaudot)<\/span><\/li><\/ul><h4>voliteln\u00e9 skladby <small>(jedna skladba pro ka\u017ed\u00e9 kolo)<\/small>:<\/h4><ul id='program'><li><span class=\"skladba\">Alexej Lebed\u011bv - Koncert pro tubu \u010d. 1 <\/span><br \/><span class=\"vydano\">(Hofmeister Musikverlag)<\/span><\/li><li><span class=\"skladba\">Alexej Lebed\u011bv - Koncertn\u00ed Allegro <\/span><\/li><li><span class=\"skladba\">Thomas Stevens - Variace ve star\u00e9m stylu <\/span><br \/><span class=\"vydano\">(Editions Bim, CH, TU8)<\/span><\/li><li><span class=\"skladba\">Enrique Crespo  - Escenas latinas <span class='vety'>(3. a 4. v\u011bta)<\/span><\/span><\/li><li><span class=\"skladba\">Jan Koetsier - Sonatina, op. 57 <span class='vety'>(1. a 2. v\u011bta)<\/span><\/span><\/li><\/ul><h2>3. kategorie<\/h2><h4>1. kolo - povinn\u00e1 skladba:<\/h4><ul id='program'><li><span class=\"skladba\">Marco Bordogni - 43 Bel Canto Studies \u010d.33 <\/span><br \/><span class=\"vydano\">(Robert King Music \/ Alphonse Leduc Edition Musicales \/ Music for Brass No. 281)<\/span><\/li><\/ul><h4>2. kolo - povinn\u00e1 skladba:<\/h4><ul id='program'><li><span class=\"skladba\">Edward Gregson - Koncert <span class='vety'>(1. v\u011bta)<\/span><\/span><\/li><\/ul><h4>voliteln\u00e9 skladby <small>(jedna skladba pro ka\u017ed\u00e9 kolo)<\/small>:<\/h4><ul id='program'><li><span class=\"skladba\">Bruce Broughton - Son\u00e1ta <span class='vety'>(1. a 2. v\u011bta)<\/span><\/span><\/li><li><span class=\"skladba\">Anthony Plog - Tuba Sonata <span class='vety'>(3. a 4. v\u011bta)<\/span><\/span><br \/><span class=\"vydano\">(\u00c9ditions BIM, 2007 - TU123)<\/span><\/li><li><span class=\"skladba\">Eric Ewazen - Koncert <span class='vety'>(1. a 2. v\u011bta)<\/span><\/span><\/li><li><span class=\"skladba\">Alexandr Arutjunjan - Koncert <span class='vety'>(1. a 3. v\u011bta)<\/span><\/span><br \/><span class=\"vydano\">(\u00c9ditions BIM, 1993)<\/span><\/li><li><span class=\"skladba\">Ralph Vaughan Williams - Koncert <span class='vety'>(1. a 2. v\u011bta)<\/span><\/span><br \/><span class=\"vydano\">(Oxford University Press)<\/span><\/li><li><span class=\"skladba\">Jacques Cast\u00e9rede - Sonatine <\/span><\/li><\/ul><h2>4. kategorie<\/h2><h4>1. kolo - povinn\u00e1 skladba:<\/h4><ul id='program'><li><span class=\"skladba\">Roland Szentpali - Allegro Fuoco  <\/span><br \/><span class=\"vydano\">(Editions Bim, TU109a)<\/span><\/li><\/ul><h4>2. kolo - povinn\u00e1 skladba:<\/h4><ul id='program'><li><span class=\"skladba\">Jan Koetsier - Concertino op. 77 <span class='vety'>(1. v\u011bta)<\/span><\/span><br \/><span class=\"vydano\">(Cimarron Music Press)<\/span><\/li><\/ul><h4>voliteln\u00e9 skladby <small>(jedna skladba pro ka\u017ed\u00e9 kolo)<\/small>:<\/h4><ul id='program'><li><span class=\"skladba\">William Kraft - Encounters II <\/span><br \/><span class=\"vydano\">(\u00c9ditions BIM, 1991)<\/span><\/li><li><span class=\"skladba\">Krzysztof Penderecki  - Capriccio <\/span><\/li><li><span class=\"skladba\">Edward Gregson - Alarum for Solo Tuba <\/span><\/li><li><span class=\"skladba\">Anthony Plog - Postcards V for solo Tuba  <\/span><br \/><span class=\"vydano\">(Editions Bim, CH, TU210)<\/span><\/li><li><span class=\"skladba\">Ben Miles - Contraptions for Unaccompanied Tuba  <\/span><br \/><span class=\"vydano\">(Cimarron Music Press)<\/span><\/li><li><span class=\"skladba\">John Stevens - Salve Venere, salve Marte <\/span><\/li><\/ul><\/div>\n","protected":false},"excerpt":{"rendered":"","protected":false},"author":1,"featured_media":0,"parent":0,"menu_order":0,"comment_status":"closed","ping_status":"closed","template":"","meta":{"footnotes":""},"class_list":["post-214","page","type-page","status-publish","hentry"],"_links":{"self":[{"href":"https:\/\/zestebrno.cz\/index.php?rest_route=\/wp\/v2\/pages\/214","targetHints":{"allow":["GET"]}}],"collection":[{"href":"https:\/\/zestebrno.cz\/index.php?rest_route=\/wp\/v2\/pages"}],"about":[{"href":"https:\/\/zestebrno.cz\/index.php?rest_route=\/wp\/v2\/types\/page"}],"author":[{"embeddable":true,"href":"https:\/\/zestebrno.cz\/index.php?rest_route=\/wp\/v2\/users\/1"}],"replies":[{"embeddable":true,"href":"https:\/\/zestebrno.cz\/index.php?rest_route=%2Fwp%2Fv2%2Fcomments&post=214"}],"version-history":[{"count":1,"href":"https:\/\/zestebrno.cz\/index.php?rest_route=\/wp\/v2\/pages\/214\/revisions"}],"predecessor-version":[{"id":215,"href":"https:\/\/zestebrno.cz\/index.php?rest_route=\/wp\/v2\/pages\/214\/revisions\/215"}],"wp:attachment":[{"href":"https:\/\/zestebrno.cz\/index.php?rest_route=%2Fwp%2Fv2%2Fmedia&parent=214"}],"curies":[{"name":"wp","href":"https:\/\/api.w.org\/{rel}","templated":true}]}}